reatest common divisor of s and o.
13
Suppose 13 = -5*z + 3. Let y be 12 - 6 - 4/z. Suppose 2*x = x + 88. Calculate the greatest common factor of y and x.
8
Suppose 0 = -6*s + 8*s + 244. Let b = s + 190. Calculate the greatest common divisor of 170 and b.
34
Suppose -2*b + 4 = -0*b, s - 3*b = -31. Let k = s + 30. Suppose 5*i = 5*q - 90, -q - 2*i = q - 24. What is the greatest common divisor of q and k?
5
Let g(i) = 64*i - 2. Let o be 1/(-2*1/(-18)). Let h be g(o). Let t be (-1)/(-6) - h/(-12). What is the highest common divisor of 6 and t?
6
Suppose 7*j = 16*j - 243. What is the highest common divisor of j and 27?
27
Let k = -993 - -1074. Calculate the highest common divisor of 6 and k.
3
Let v = 0 - 6. Let o = -2 - v. Suppose o*t = 2*x + t - 7, 4*x = t + 19. What is the highest common factor of x and 55?
5
Suppose -4*d + 10*h = 7*h - 2026, h - 1008 = -2*d. Calculate the greatest common factor of 202 and d.
101
Let l = 239 - 96. Let z = 4090 + -4077. What is the greatest common divisor of l and z?
13
Let z(y) = y + 7. Let v be z(-2). Suppose -5*p - 3*f + 175 = -f, 0 = v*p - 5*f - 210. What is the highest common divisor of 37 and p?
37
Let g(o) = 26*o**2 + 16*o - 66. Let l be g(4). Let y = -44 - -90. What is the greatest common divisor of l and y?
46
Let a = 228 + -73. What is the greatest common factor of a and 31?
31
Let j(x) = -1. Let l(b) = -b - 1. Let v(h) = -3*j(h) + l(h). Let a be v(-9). Let f = 24 - -31. What is the greatest common factor of f and a?
11
Let o be (-4)/(-3) + 8/12. Let f be 1/o - (-5)/2. Suppose 2*n = -f*b + 105, 3*n + 3*b = -n + 195. Calculate the highest common factor of 9 and n.
9
Let x be (-15)/(-2)*32/3. Suppose -3*y = -3*h - 33, -5*y + 48 = -0*h + 2*h. Calculate the highest common factor of y and x.
10
Let m be (-6)/(-1) + 27/(-9) + -3. Suppose -4*g - 3*o = -1, m*o - 3*o + 5 = 5*g. Suppose -18 + 6 = -3*s. Calculate the greatest common factor of g and s.
4
Let m(l) = -l**2 - 12*l + 5. Let s(c) = -7*c**2 + 5*c + 1. Let h be s(-1). Let y be m(h). What is the greatest common factor of 112 and y?
16
Suppose -3*k - 5*k + 5*k = 0. Let u be (-6 - k)*2640/(-45). Calculate the highest common divisor of u and 32.
32
Let w(o) = -7*o**3 - 3*o**2 + 7*o + 33. Let q be w(-3). Calculate the highest common divisor of 30 and q.
6
Let d = -1 - -20. Let m = 444 + 38. Let u = -330 + m. Calculate the greatest common divisor of u and d.
19
Let y(b) = -2*b - 9. Let z be y(-10). Suppose -5*k + u + 27 = 0, 3*u = 5*u - 6. Suppose n = k*n - 55. Calculate the greatest common factor of z and n.
11
Suppose 0*r - 12*r = -120. What is the greatest common factor of 6 and r?
2
Suppose 0 = -3*f + 21*f - 162. Let p = 51 - -48. Calculate the greatest common divisor of p and f.
9
Suppose 43 + 17 = 6*w. Suppose -5*v - 30 = -w*v - 3*a, 1 = 2*v - a. Suppose 5*r + 4*o = -1 + 3, -v*r = o - 4. Calculate the highest common divisor of r and 10.
2
Suppose 2*z = 3*z - 4. Suppose 4*v = 3*s - 16, 0 = 4*v + z - 0. Suppose 81 = s*c - 1107. What is the greatest common factor of 27 and c?
27
Suppose 2*g - 764 = -3*h, -2*h + 521 = -2*g + 25. What is the greatest common divisor of h and 24?
12
Let s be -3 + (-24)/(-16)*(237 + -1). Calculate the greatest common factor of 297 and s.
27
Suppose -5*r = 2*w - 4134, 4*r = -3*w - 0*w + 3303. What is the highest common divisor of r and 48?
12
Suppose 0 = w - 0 - 7. Suppose 7*v + 41 = 377. Suppose 3*k - 2*k + 5*f - v = 0, -4*k - 3*f + 243 = 0. Calculate the highest common factor of k and w.
7
Let d(t) = 0 - 5 - 1 + t**2 + 11*t - 2*t**2. Let h be d(7). Let y(v) = 2*v - 9. Let s be y(10). What is the highest common divisor of h and s?
11
Let j = 492 - 466. What is the greatest common factor of j and 377?
13
Let v = 33 + -49. Let b(o) = -o**2 - 18*o + 16. Let d be b(v). What is the highest common factor of 72 and d?
24
Suppose -a - 9 = -2. Let h be ((-12)/a)/((-2)/(-21)). Suppose -c + 5*c - 36 = 0. What is the greatest common factor of h and c?
9
Let j = -31 + 41. Suppose m = -3 - 1, 5*n + 5*m = j. Calculate the greatest common factor of 42 and n.
6
Let n = -3 - -4. Let z be 27/15 + n/5. Suppose 0 = a + 46*y - 50*y - 18, 0 = 2*y + 8. Calculate the greatest common factor of z and a.
2
Let a be (-1842)/(-8) + (-33)/(-44). Suppose 0 = 2*z - 4*d - 46, -z = 5*d - 8 - 8. Calculate the highest common divisor of a and z.
21
Let k be 10/30 - (-179)/3. Calculate the greatest common factor of 12 and k.
12
Suppose 33*x + j = 28*x + 148, -x - 4*j + 22 = 0. What is the greatest common divisor of 165 and x?
15
Suppose 5*d + 164 = -2*l, -3*l - 22 = 2*d + 37. Let g = d - -59. Let u = 32 - 22. Calculate the greatest common factor of u and g.
5
Let b = 67 - -38. Let t be (25 + -1)*(-2 - 15/(-6)). Let q(y) = -y + 33. Let r be q(t). What is the highest common factor of b and r?
21
Suppose 31*n - 579 = 413. What is the greatest common factor of 40 and n?
8
Let k = 123 - 173. Let n = k - -95. What is the greatest common divisor of 5 and n?
5
Suppose -62*p + 63*p - 48 = 0. Suppose 5*u - 2*a - 220 = -p, 2*a - 32 = -u. What is the greatest common divisor of u and 119?
17
Suppose 821*x - 812*x = 18981. Calculate the greatest common divisor of x and 57.
57
Suppose 34839 = -92*n + 141*n. Calculate the highest common factor of n and 79.
79
Let g = 10 - 5. Suppose -2*d - 3*b = -b - 10, -g*d + 13 = -b. Suppose -d*f + 149 = 3*o + 2*o, 2*f - o = 121. Calculate the greatest common divisor of 87 and f.
29
Suppose -5*z + 5 = 0, z = 6*o - 2*o - 19. Suppose 0 = -o*i + 61 + 9. What is the greatest common divisor of 7 and i?
7
Let z = -48 + 97. Let d = -10063 - -10070. Calculate the greatest common divisor of d and z.
7
Suppose -5*y = -4*s - 526, 0 = 4*s - 7*s - 12. Calculate the greatest common factor of 24 and y.
6
Suppose -8*k + 10 = -6*k. Suppose 0 = -k*o + 52 + 108. What is the highest common factor of o and 48?
16
Let z be 4*-9*(-1)/12. Suppose 32 = 4*f - z*f. Calculate the greatest common divisor of 80 and f.
16
Suppose 0 = 9*h - h - 88. Suppose -5*i = -2*c + 31, 2*i = 2*c + i - h. Suppose 2*k = f + c, 4*k - 4*f - 9 = -k. What is the highest common factor of k and 2?
1
Let j be 2/((-12)/(-2))*(-66 + 90). Calculate the highest common factor of j and 3064.
8
Suppose 5*p - 4*g = -20, -2*p + 2*g - 5*g + 15 = 0. Let m(r) = r**3 - 2*r**2 - r + 35. Let q be m(p). Calculate the greatest common divisor of 105 and q.
35
Suppose 41 = 16*n - 103. Let z = -4 - -5. Calculate the highest common factor of z and n.
1
Suppose 4*a - 12 = -2*u, 2*u + 0*u = -5*a + 16. Let p be 2/((-2)/(-260)*a). Suppose -15*h = -29*h + 182. What is the greatest common factor of p and h?
13
Let z = 564 + -411. Calculate the greatest common divisor of z and 51.
51
Let d(s) = s + 4. Let n be d(-2). Suppose -n*g - 880 = -5*b, 3*b + 4 - 532 = -3*g. What is the highest common divisor of 22 and b?
22
Let l be ((-18)/8)/((-2726)/544 + 5). Calculate the greatest common factor of 156 and l.
12
Let z be (8/5)/(16/520). Let q = 58 - z. Calculate the highest common divisor of q and 66.
6
Let i be 37/3*(-9)/(-3). Let z = i - -59. What is the greatest common factor of z and 6?
6
Let x be -3 + (15/(-3) - 1). Let c be 27/x*14/(-6). What is the highest common factor of c and 14?
7
Let h(o) = -433*o - 26. Let v be h(-2). What is the greatest common factor of v and 21?
21
Suppose 218 + 165 = 5*u - 4*g, -u - 5*g = -65. What is the greatest common divisor of 125 and u?
25
Let j(a) = 2*a + 12. Let n be j(-4). Let z = -88 + 124. Calculate the highest common divisor of n and z.
4
Let z(x) = x**2 - 10*x - 48. Let f be z(15). Calculate the greatest common divisor of 405 and f.
27
Let f = -260 + 470. Let u = 398 - 262. Suppose -5*c + 0*l - 5*l + f = 0, 0 = 3*c - 2*l - u. What is the greatest common factor of c and 11?
11
Suppose 0 = 115*x - 107*x - 272. Calculate the greatest common factor of 2 and x.
2
Let i = 325 + -149. What is the highest common divisor of 66 and i?
22
Let m(y) = y**3 - 2*y**2 + 16*y - 67. Let c be m(4). What is the greatest common factor of c and 1?
1
Let a(z) = -z + 44. Let d be a(12). Calculate the highest common divisor of 72 and d.
8
Let a be ((-2)/(-9) - (-60)/(-27)) + 22. Let x be ((-38)/(-10) + 1)*a. Calculate the highest common factor of x and 24.
24
Suppose 2*x + 20 = 5*v, -3*v = 4*x - 7*v + 16. S